{"id":245,"date":"2023-11-23T12:02:23","date_gmt":"2023-11-23T15:02:23","guid":{"rendered":"https:\/\/atopecirco.com\/?page_id=245"},"modified":"2024-01-16T16:29:22","modified_gmt":"2024-01-16T19:29:22","slug":"espectaculos-anteriores","status":"publish","type":"page","link":"https:\/\/atopecirco.com\/index.php\/espectaculos-anteriores\/","title":{"rendered":"Espectaculos anteriores"},"content":{"rendered":"\t\t<div data-elementor-type=\"wp-page\" data-elementor-id=\"245\" class=\"elementor elementor-245\">\n\t\t\t\t<div class=\"elementor-element elementor-element-b7501cd e-flex e-con-boxed e-con e-parent\" data-id=\"b7501cd\" data-element_type=\"container\" data-settings=\"{&quot;background_background&quot;:&quot;classic&quot;}\">\n\t\t\t\t\t<div class=\"e-con-inner\">\n\t\t\t\t<div class=\"elementor-element elementor-element-30a51ab elementor-widget__width-inherit animated-slow elementor-widget-tablet__width-initial elementor-invisible elementor-widget elementor-widget-heading\" data-id=\"30a51ab\" data-element_type=\"widget\" data-settings=\"{&quot;_animation&quot;:&quot;zoomIn&quot;}\" data-widget_type=\"heading.default\">\n\t\t\t\t<div class=\"elementor-widget-container\">\n\t\t\t\t\t<h2 class=\"elementor-heading-title elementor-size-default\">ANTERIORES<\/h2>\t\t\t\t<\/div>\n\t\t\t\t<\/div>\n\t\t<div class=\"elementor-element elementor-element-d4a6201 e-flex e-con-boxed e-con e-child\" data-id=\"d4a6201\" data-element_type=\"container\">\n\t\t\t\t\t<div class=\"e-con-inner\">\n\t\t<div class=\"elementor-element elementor-element-76d6c39 e-con-full e-flex e-con e-child\" data-id=\"76d6c39\" data-element_type=\"container\">\n\t\t\t\t<div class=\"elementor-element elementor-element-4907f47 elementor-widget elementor-widget-heading\" data-id=\"4907f47\" data-element_type=\"widget\" data-widget_type=\"heading.default\">\n\t\t\t\t<div class=\"elementor-widget-container\">\n\t\t\t\t\t<h2 class=\"elementor-heading-title elementor-size-default\">Tango Acrob\u00e1tico<\/h2>\t\t\t\t<\/div>\n\t\t\t\t<\/div>\n\t\t\t\t<div class=\"elementor-element elementor-element-4a5f82e elementor-widget elementor-widget-heading\" data-id=\"4a5f82e\" data-element_type=\"widget\" data-widget_type=\"heading.default\">\n\t\t\t\t<div class=\"elementor-widget-container\">\n\t\t\t\t\t<h3 class=\"elementor-heading-title elementor-size-default\">(2019)<\/h3>\t\t\t\t<\/div>\n\t\t\t\t<\/div>\n\t\t\t\t<div class=\"elementor-element elementor-element-481ce61 elementor-widget elementor-widget-text-editor\" data-id=\"481ce61\" data-element_type=\"widget\" data-widget_type=\"text-editor.default\">\n\t\t\t\t<div class=\"elementor-widget-container\">\n\t\t\t\t\t\t\t\t\t<p>Coraz\u00f3n a coraz\u00f3n.<br \/>Sienten, se miran, respiran, se tocan, se abrazan, se conectan y se gu\u00edan, se entienden, se ponen nerviosos, se confunden, se intercambian y se pelean. Saltan, tejen, hacen piruetas, hacen equilibrios, contemplan, enloquecen, se obsesionan y golpean. Se persiguen, demuestran, se agitan, se retuercen, se estiran, atacan y se encuentran.<br \/>Bailan y hacen acrobacias entre ellos.<\/p>\t\t\t\t\t\t\t\t<\/div>\n\t\t\t\t<\/div>\n\t\t\t\t<\/div>\n\t\t<div class=\"elementor-element elementor-element-7399bac e-con-full e-flex e-con e-child\" data-id=\"7399bac\" data-element_type=\"container\">\n\t\t\t\t<div class=\"elementor-element elementor-element-7fa51d5 elementor-widget elementor-widget-video\" data-id=\"7fa51d5\" data-element_type=\"widget\" data-settings=\"{&quot;youtube_url&quot;:&quot;https:\\\/\\\/youtu.be\\\/diIiW15prVg&quot;,&quot;video_type&quot;:&quot;youtube&quot;,&quot;controls&quot;:&quot;yes&quot;}\" data-widget_type=\"video.default\">\n\t\t\t\t<div class=\"elementor-widget-container\">\n\t\t\t\t\t\t\t<div class=\"elementor-wrapper elementor-open-inline\">\n\t\t\t<div class=\"elementor-video\"><\/div>\t\t<\/div>\n\t\t\t\t\t\t<\/div>\n\t\t\t\t<\/div>\n\t\t\t\t<div class=\"elementor-element elementor-element-1777013 elementor-widget__width-initial e-transform elementor-widget elementor-widget-image\" data-id=\"1777013\" data-element_type=\"widget\" data-settings=\"{&quot;_transform_translateX_effect&quot;:{&quot;unit&quot;:&quot;%&quot;,&quot;size&quot;:60,&quot;sizes&quot;:[]},&quot;_transform_translateX_effect_tablet&quot;:{&quot;unit&quot;:&quot;%&quot;,&quot;size&quot;:&quot;&quot;,&quot;sizes&quot;:[]},&quot;_transform_translateX_effect_mobile&quot;:{&quot;unit&quot;:&quot;%&quot;,&quot;size&quot;:50,&quot;sizes&quot;:[]},&quot;_transform_translateY_effect&quot;:{&quot;unit&quot;:&quot;px&quot;,&quot;size&quot;:0,&quot;sizes&quot;:[]},&quot;_transform_translateY_effect_tablet&quot;:{&quot;unit&quot;:&quot;px&quot;,&quot;size&quot;:&quot;&quot;,&quot;sizes&quot;:[]},&quot;_transform_translateY_effect_mobile&quot;:{&quot;unit&quot;:&quot;px&quot;,&quot;size&quot;:&quot;&quot;,&quot;sizes&quot;:[]}}\" data-widget_type=\"image.default\">\n\t\t\t\t<div class=\"elementor-widget-container\">\n\t\t\t\t\t\t\t\t\t\t\t\t\t\t\t<img decoding=\"async\" src=\"https:\/\/atopecirco.com\/wp-content\/uploads\/2023\/12\/naranja.svg\" title=\"&#8211; naranja\" alt=\"- naranja\" loading=\"lazy\" \/>\t\t\t\t\t\t\t\t\t\t\t\t\t\t\t<\/div>\n\t\t\t\t<\/div>\n\t\t\t\t<\/div>\n\t\t\t\t\t<\/div>\n\t\t\t\t<\/div>\n\t\t<div class=\"elementor-element elementor-element-a3667c6 e-flex e-con-boxed e-con e-child\" data-id=\"a3667c6\" data-element_type=\"container\">\n\t\t\t\t\t<div class=\"e-con-inner\">\n\t\t<div class=\"elementor-element elementor-element-19b0378 e-con-full e-flex e-con e-child\" data-id=\"19b0378\" data-element_type=\"container\">\n\t\t\t\t<div class=\"elementor-element elementor-element-207baa7 elementor-widget elementor-widget-heading\" data-id=\"207baa7\" data-element_type=\"widget\" data-widget_type=\"heading.default\">\n\t\t\t\t<div class=\"elementor-widget-container\">\n\t\t\t\t\t<h2 class=\"elementor-heading-title elementor-size-default\">La Fiesta<\/h2>\t\t\t\t<\/div>\n\t\t\t\t<\/div>\n\t\t\t\t<div class=\"elementor-element elementor-element-c610706 elementor-widget elementor-widget-heading\" data-id=\"c610706\" data-element_type=\"widget\" data-widget_type=\"heading.default\">\n\t\t\t\t<div class=\"elementor-widget-container\">\n\t\t\t\t\t<h3 class=\"elementor-heading-title elementor-size-default\">(2018\/2019)<\/h3>\t\t\t\t<\/div>\n\t\t\t\t<\/div>\n\t\t\t\t<div class=\"elementor-element elementor-element-5fc8a26 elementor-widget elementor-widget-text-editor\" data-id=\"5fc8a26\" data-element_type=\"widget\" data-widget_type=\"text-editor.default\">\n\t\t\t\t<div class=\"elementor-widget-container\">\n\t\t\t\t\t\t\t\t\t<p>Roma y Pablito, dos aprendices de maestros de ceremonias, son los encargados de recibir al p\u00fablico. Nuestros personajes, cuyas personalidades no siempre son nobles y a menudo son contradictorias, tienen que compartir el mismo espacio y trabajar juntos, dejando de lado sus egos. Inspirados en la m\u00fasica cl\u00e1sica, Roma y Pablito tratan de entretener al p\u00fablico mediante la danza, las acrobacias y las payasadas. \u00bfConseguir\u00e1n trabajar juntos y el p\u00fablico tendr\u00e1 la fiesta que se merece?<\/p>\t\t\t\t\t\t\t\t<\/div>\n\t\t\t\t<\/div>\n\t\t\t\t<\/div>\n\t\t<div class=\"elementor-element elementor-element-296c420 e-con-full e-flex e-con e-child\" data-id=\"296c420\" data-element_type=\"container\">\n\t\t\t\t<div class=\"elementor-element elementor-element-3b07249 elementor-widget elementor-widget-video\" data-id=\"3b07249\" data-element_type=\"widget\" data-settings=\"{&quot;youtube_url&quot;:&quot;https:\\\/\\\/youtu.be\\\/mJuTvaBMKjk&quot;,&quot;video_type&quot;:&quot;youtube&quot;,&quot;controls&quot;:&quot;yes&quot;}\" data-widget_type=\"video.default\">\n\t\t\t\t<div class=\"elementor-widget-container\">\n\t\t\t\t\t\t\t<div class=\"elementor-wrapper elementor-open-inline\">\n\t\t\t<div class=\"elementor-video\"><\/div>\t\t<\/div>\n\t\t\t\t\t\t<\/div>\n\t\t\t\t<\/div>\n\t\t\t\t<div class=\"elementor-element elementor-element-b68e559 elementor-widget__width-initial e-transform elementor-widget elementor-widget-image\" data-id=\"b68e559\" data-element_type=\"widget\" data-settings=\"{&quot;_transform_translateX_effect&quot;:{&quot;unit&quot;:&quot;%&quot;,&quot;size&quot;:60,&quot;sizes&quot;:[]},&quot;_transform_translateX_effect_tablet&quot;:{&quot;unit&quot;:&quot;%&quot;,&quot;size&quot;:&quot;&quot;,&quot;sizes&quot;:[]},&quot;_transform_translateX_effect_mobile&quot;:{&quot;unit&quot;:&quot;%&quot;,&quot;size&quot;:50,&quot;sizes&quot;:[]},&quot;_transform_translateY_effect&quot;:{&quot;unit&quot;:&quot;px&quot;,&quot;size&quot;:0,&quot;sizes&quot;:[]},&quot;_transform_translateY_effect_tablet&quot;:{&quot;unit&quot;:&quot;px&quot;,&quot;size&quot;:&quot;&quot;,&quot;sizes&quot;:[]},&quot;_transform_translateY_effect_mobile&quot;:{&quot;unit&quot;:&quot;px&quot;,&quot;size&quot;:&quot;&quot;,&quot;sizes&quot;:[]}}\" data-widget_type=\"image.default\">\n\t\t\t\t<div class=\"elementor-widget-container\">\n\t\t\t\t\t\t\t\t\t\t\t\t\t\t\t<img decoding=\"async\" src=\"https:\/\/atopecirco.com\/wp-content\/uploads\/2023\/12\/fuccia.svg\" title=\"&#8211; fuccia\" alt=\"- fuccia\" loading=\"lazy\" \/>\t\t\t\t\t\t\t\t\t\t\t\t\t\t\t<\/div>\n\t\t\t\t<\/div>\n\t\t\t\t<\/div>\n\t\t\t\t\t<\/div>\n\t\t\t\t<\/div>\n\t\t<div class=\"elementor-element elementor-element-d27552f e-flex e-con-boxed e-con e-child\" data-id=\"d27552f\" data-element_type=\"container\">\n\t\t\t\t\t<div class=\"e-con-inner\">\n\t\t<div class=\"elementor-element elementor-element-7407477 e-con-full e-flex e-con e-child\" data-id=\"7407477\" data-element_type=\"container\">\n\t\t\t\t<div class=\"elementor-element elementor-element-88f6126 elementor-widget elementor-widget-heading\" data-id=\"88f6126\" data-element_type=\"widget\" data-widget_type=\"heading.default\">\n\t\t\t\t<div class=\"elementor-widget-container\">\n\t\t\t\t\t<h2 class=\"elementor-heading-title elementor-size-default\">Plastif\u00f3nica<\/h2>\t\t\t\t<\/div>\n\t\t\t\t<\/div>\n\t\t\t\t<div class=\"elementor-element elementor-element-8a957ff elementor-widget elementor-widget-heading\" data-id=\"8a957ff\" data-element_type=\"widget\" data-widget_type=\"heading.default\">\n\t\t\t\t<div class=\"elementor-widget-container\">\n\t\t\t\t\t<h3 class=\"elementor-heading-title elementor-size-default\">(2017\/2018)<\/h3>\t\t\t\t<\/div>\n\t\t\t\t<\/div>\n\t\t\t\t<div class=\"elementor-element elementor-element-f79d7f3 elementor-widget elementor-widget-text-editor\" data-id=\"f79d7f3\" data-element_type=\"widget\" data-widget_type=\"text-editor.default\">\n\t\t\t\t<div class=\"elementor-widget-container\">\n\t\t\t\t\t\t\t\t\t<p>Utilizando la m\u00fasica cl\u00e1sica como punto de inspiraci\u00f3n, tres acr\u00f3batas toman un espacio vac\u00edo, para cubrirlo con obras pl\u00e1sticas ef\u00edmeras construidas, acrob\u00e1ticamente, en tiempo real, con tubos de pvc. Volviendo al espacio, il\u00f3gico, reversible y manipulable, generando instalaciones laber\u00ednticas, interviniendo con sus cuerpos. \u00bfCu\u00e1l ser\u00e1 su obra maestra?<\/p>\t\t\t\t\t\t\t\t<\/div>\n\t\t\t\t<\/div>\n\t\t\t\t<\/div>\n\t\t<div class=\"elementor-element elementor-element-64d0c9a e-con-full e-flex e-con e-child\" data-id=\"64d0c9a\" data-element_type=\"container\">\n\t\t\t\t<div class=\"elementor-element elementor-element-147b91e elementor-widget elementor-widget-video\" data-id=\"147b91e\" data-element_type=\"widget\" data-settings=\"{&quot;youtube_url&quot;:&quot;https:\\\/\\\/youtu.be\\\/cA5_N9AyiAo&quot;,&quot;video_type&quot;:&quot;youtube&quot;,&quot;controls&quot;:&quot;yes&quot;}\" data-widget_type=\"video.default\">\n\t\t\t\t<div class=\"elementor-widget-container\">\n\t\t\t\t\t\t\t<div class=\"elementor-wrapper elementor-open-inline\">\n\t\t\t<div class=\"elementor-video\"><\/div>\t\t<\/div>\n\t\t\t\t\t\t<\/div>\n\t\t\t\t<\/div>\n\t\t\t\t<div class=\"elementor-element elementor-element-22d8a0c elementor-widget__width-initial e-transform elementor-widget elementor-widget-image\" data-id=\"22d8a0c\" data-element_type=\"widget\" data-settings=\"{&quot;_transform_translateX_effect&quot;:{&quot;unit&quot;:&quot;%&quot;,&quot;size&quot;:60,&quot;sizes&quot;:[]},&quot;_transform_translateX_effect_tablet&quot;:{&quot;unit&quot;:&quot;%&quot;,&quot;size&quot;:&quot;&quot;,&quot;sizes&quot;:[]},&quot;_transform_translateX_effect_mobile&quot;:{&quot;unit&quot;:&quot;%&quot;,&quot;size&quot;:50,&quot;sizes&quot;:[]},&quot;_transform_translateY_effect&quot;:{&quot;unit&quot;:&quot;px&quot;,&quot;size&quot;:0,&quot;sizes&quot;:[]},&quot;_transform_translateY_effect_tablet&quot;:{&quot;unit&quot;:&quot;px&quot;,&quot;size&quot;:&quot;&quot;,&quot;sizes&quot;:[]},&quot;_transform_translateY_effect_mobile&quot;:{&quot;unit&quot;:&quot;px&quot;,&quot;size&quot;:&quot;&quot;,&quot;sizes&quot;:[]}}\" data-widget_type=\"image.default\">\n\t\t\t\t<div class=\"elementor-widget-container\">\n\t\t\t\t\t\t\t\t\t\t\t\t\t\t\t<img decoding=\"async\" src=\"https:\/\/atopecirco.com\/wp-content\/uploads\/2023\/12\/naranja.svg\" title=\"&#8211; naranja\" alt=\"- naranja\" loading=\"lazy\" \/>\t\t\t\t\t\t\t\t\t\t\t\t\t\t\t<\/div>\n\t\t\t\t<\/div>\n\t\t\t\t<\/div>\n\t\t\t\t\t<\/div>\n\t\t\t\t<\/div>\n\t\t<div class=\"elementor-element elementor-element-a4f0426 e-flex e-con-boxed e-con e-child\" data-id=\"a4f0426\" data-element_type=\"container\">\n\t\t\t\t\t<div class=\"e-con-inner\">\n\t\t\t\t<div class=\"elementor-element elementor-element-e8288d8 elementor-align-center elementor-widget__width-auto elementor-widget elementor-widget-button\" data-id=\"e8288d8\" data-element_type=\"widget\" data-widget_type=\"button.default\">\n\t\t\t\t<div class=\"elementor-widget-container\">\n\t\t\t\t\t\t\t\t\t<div class=\"elementor-button-wrapper\">\n\t\t\t\t\t<a class=\"elementor-button elementor-button-link elementor-size-sm\" href=\"https:\/\/atopecirco.com\/index.php\/circo-politico\/\">\n\t\t\t\t\t\t<span class=\"elementor-button-content-wrapper\">\n\t\t\t\t\t\t\t\t\t<span class=\"elementor-button-text\">CIRCO POL\u00cdTICO | manifiesto<\/span>\n\t\t\t\t\t<\/span>\n\t\t\t\t\t<\/a>\n\t\t\t\t<\/div>\n\t\t\t\t\t\t\t\t<\/div>\n\t\t\t\t<\/div>\n\t\t\t\t<div class=\"elementor-element elementor-element-97d45ee elementor-align-center elementor-widget__width-auto elementor-widget elementor-widget-button\" data-id=\"97d45ee\" data-element_type=\"widget\" data-widget_type=\"button.default\">\n\t\t\t\t<div class=\"elementor-widget-container\">\n\t\t\t\t\t\t\t\t\t<div class=\"elementor-button-wrapper\">\n\t\t\t\t\t<a class=\"elementor-button elementor-button-link elementor-size-sm\" href=\"https:\/\/atopecirco.com\/index.php\/espanol\/\">\n\t\t\t\t\t\t<span class=\"elementor-button-content-wrapper\">\n\t\t\t\t\t\t\t\t\t<span class=\"elementor-button-text\">volver a P\u00c1GINA PRINCIPAL<\/span>\n\t\t\t\t\t<\/span>\n\t\t\t\t\t<\/a>\n\t\t\t\t<\/div>\n\t\t\t\t\t\t\t\t<\/div>\n\t\t\t\t<\/div>\n\t\t\t\t\t<\/div>\n\t\t\t\t<\/div>\n\t\t\t\t\t<\/div>\n\t\t\t\t<\/div>\n\t\t\t\t<\/div>\n\t\t","protected":false},"excerpt":{"rendered":"<p>ANTERIORES Tango Acrob\u00e1tico (2019) Coraz\u00f3n a coraz\u00f3n.Sienten, se miran, respiran, se tocan, se abrazan, se conectan y se gu\u00edan, se entienden, se ponen nerviosos, se confunden, se intercambian y se pelean. Saltan, tejen, hacen piruetas, hacen equilibrios, contemplan, enloquecen, se obsesionan y golpean. Se persiguen, demuestran, se agitan, se retuercen, se estiran, atacan y se &#8230; <a title=\"Espectaculos anteriores\" class=\"read-more\" href=\"https:\/\/atopecirco.com\/index.php\/espectaculos-anteriores\/\" aria-label=\"Leer m\u00e1s sobre Espectaculos anteriores\">Leer m\u00e1s<\/a><\/p>\n","protected":false},"author":1,"featured_media":0,"parent":0,"menu_order":0,"comment_status":"closed","ping_status":"closed","template":"","meta":{"footnotes":""},"class_list":["post-245","page","type-page","status-publish"],"yoast_head":"<!-- This site is optimized with the Yoast SEO plugin v26.9 - https:\/\/yoast.com\/product\/yoast-seo-wordpress\/ -->\n<title>Espectaculos anteriores | A tope<\/title>\n<meta name=\"robots\" content=\"index, follow, max-snippet:-1, max-image-preview:large, max-video-preview:-1\" \/>\n<link rel=\"canonical\" href=\"https:\/\/atopecirco.com\/index.php\/espectaculos-anteriores\/\" \/>\n<meta property=\"og:locale\" content=\"es_ES\" \/>\n<meta property=\"og:type\" content=\"article\" \/>\n<meta property=\"og:title\" content=\"Espectaculos anteriores | A tope\" \/>\n<meta property=\"og:description\" content=\"ANTERIORES Tango Acrob\u00e1tico (2019) Coraz\u00f3n a coraz\u00f3n.Sienten, se miran, respiran, se tocan, se abrazan, se conectan y se gu\u00edan, se entienden, se ponen nerviosos, se confunden, se intercambian y se pelean. Saltan, tejen, hacen piruetas, hacen equilibrios, contemplan, enloquecen, se obsesionan y golpean. Se persiguen, demuestran, se agitan, se retuercen, se estiran, atacan y se ... Leer m\u00e1s\" \/>\n<meta property=\"og:url\" content=\"https:\/\/atopecirco.com\/index.php\/espectaculos-anteriores\/\" \/>\n<meta property=\"og:site_name\" content=\"A tope\" \/>\n<meta property=\"article:publisher\" content=\"https:\/\/www.facebook.com\/cia.atope\/\" \/>\n<meta property=\"article:modified_time\" content=\"2024-01-16T19:29:22+00:00\" \/>\n<meta property=\"og:image\" content=\"http:\/\/atopecirco.com\/wp-content\/uploads\/2023\/12\/naranja.svg\" \/>\n<meta name=\"twitter:card\" content=\"summary_large_image\" \/>\n<meta name=\"twitter:label1\" content=\"Tiempo de lectura\" \/>\n\t<meta name=\"twitter:data1\" content=\"1 minuto\" \/>\n<script type=\"application\/ld+json\" class=\"yoast-schema-graph\">{\"@context\":\"https:\/\/schema.org\",\"@graph\":[{\"@type\":\"WebPage\",\"@id\":\"https:\/\/atopecirco.com\/index.php\/espectaculos-anteriores\/\",\"url\":\"https:\/\/atopecirco.com\/index.php\/espectaculos-anteriores\/\",\"name\":\"Espectaculos anteriores | A tope\",\"isPartOf\":{\"@id\":\"https:\/\/atopecirco.com\/#website\"},\"primaryImageOfPage\":{\"@id\":\"https:\/\/atopecirco.com\/index.php\/espectaculos-anteriores\/#primaryimage\"},\"image\":{\"@id\":\"https:\/\/atopecirco.com\/index.php\/espectaculos-anteriores\/#primaryimage\"},\"thumbnailUrl\":\"http:\/\/atopecirco.com\/wp-content\/uploads\/2023\/12\/naranja.svg\",\"datePublished\":\"2023-11-23T15:02:23+00:00\",\"dateModified\":\"2024-01-16T19:29:22+00:00\",\"breadcrumb\":{\"@id\":\"https:\/\/atopecirco.com\/index.php\/espectaculos-anteriores\/#breadcrumb\"},\"inLanguage\":\"es-AR\",\"potentialAction\":[{\"@type\":\"ReadAction\",\"target\":[\"https:\/\/atopecirco.com\/index.php\/espectaculos-anteriores\/\"]}]},{\"@type\":\"ImageObject\",\"inLanguage\":\"es-AR\",\"@id\":\"https:\/\/atopecirco.com\/index.php\/espectaculos-anteriores\/#primaryimage\",\"url\":\"http:\/\/atopecirco.com\/wp-content\/uploads\/2023\/12\/naranja.svg\",\"contentUrl\":\"http:\/\/atopecirco.com\/wp-content\/uploads\/2023\/12\/naranja.svg\"},{\"@type\":\"BreadcrumbList\",\"@id\":\"https:\/\/atopecirco.com\/index.php\/espectaculos-anteriores\/#breadcrumb\",\"itemListElement\":[{\"@type\":\"ListItem\",\"position\":1,\"name\":\"Inicio\",\"item\":\"https:\/\/atopecirco.com\/\"},{\"@type\":\"ListItem\",\"position\":2,\"name\":\"Espectaculos anteriores\"}]},{\"@type\":\"WebSite\",\"@id\":\"https:\/\/atopecirco.com\/#website\",\"url\":\"https:\/\/atopecirco.com\/\",\"name\":\"A Tope Circo\",\"description\":\"circus company\",\"publisher\":{\"@id\":\"https:\/\/atopecirco.com\/#organization\"},\"alternateName\":\"A Tope\",\"potentialAction\":[{\"@type\":\"SearchAction\",\"target\":{\"@type\":\"EntryPoint\",\"urlTemplate\":\"https:\/\/atopecirco.com\/?s={search_term_string}\"},\"query-input\":{\"@type\":\"PropertyValueSpecification\",\"valueRequired\":true,\"valueName\":\"search_term_string\"}}],\"inLanguage\":\"es-AR\"},{\"@type\":\"Organization\",\"@id\":\"https:\/\/atopecirco.com\/#organization\",\"name\":\"A Tope\",\"url\":\"https:\/\/atopecirco.com\/\",\"logo\":{\"@type\":\"ImageObject\",\"inLanguage\":\"es-AR\",\"@id\":\"https:\/\/atopecirco.com\/#\/schema\/logo\/image\/\",\"url\":\"http:\/\/atopecirco.com\/wp-content\/uploads\/2024\/01\/Portada-SEO.jpg\",\"contentUrl\":\"http:\/\/atopecirco.com\/wp-content\/uploads\/2024\/01\/Portada-SEO.jpg\",\"width\":1200,\"height\":675,\"caption\":\"A Tope\"},\"image\":{\"@id\":\"https:\/\/atopecirco.com\/#\/schema\/logo\/image\/\"},\"sameAs\":[\"https:\/\/www.facebook.com\/cia.atope\/\",\"https:\/\/www.instagram.com\/cia.atope\/\",\"https:\/\/www.youtube.com\/channel\/UCzrcMgpw9YK1veuGDcyiu8w\"]}]}<\/script>\n<!-- \/ Yoast SEO plugin. -->","yoast_head_json":{"title":"Espectaculos anteriores | A tope","robots":{"index":"index","follow":"follow","max-snippet":"max-snippet:-1","max-image-preview":"max-image-preview:large","max-video-preview":"max-video-preview:-1"},"canonical":"https:\/\/atopecirco.com\/index.php\/espectaculos-anteriores\/","og_locale":"es_ES","og_type":"article","og_title":"Espectaculos anteriores | A tope","og_description":"ANTERIORES Tango Acrob\u00e1tico (2019) Coraz\u00f3n a coraz\u00f3n.Sienten, se miran, respiran, se tocan, se abrazan, se conectan y se gu\u00edan, se entienden, se ponen nerviosos, se confunden, se intercambian y se pelean. Saltan, tejen, hacen piruetas, hacen equilibrios, contemplan, enloquecen, se obsesionan y golpean. Se persiguen, demuestran, se agitan, se retuercen, se estiran, atacan y se ... Leer m\u00e1s","og_url":"https:\/\/atopecirco.com\/index.php\/espectaculos-anteriores\/","og_site_name":"A tope","article_publisher":"https:\/\/www.facebook.com\/cia.atope\/","article_modified_time":"2024-01-16T19:29:22+00:00","og_image":[{"url":"http:\/\/atopecirco.com\/wp-content\/uploads\/2023\/12\/naranja.svg","type":"","width":"","height":""}],"twitter_card":"summary_large_image","twitter_misc":{"Tiempo de lectura":"1 minuto"},"schema":{"@context":"https:\/\/schema.org","@graph":[{"@type":"WebPage","@id":"https:\/\/atopecirco.com\/index.php\/espectaculos-anteriores\/","url":"https:\/\/atopecirco.com\/index.php\/espectaculos-anteriores\/","name":"Espectaculos anteriores | A tope","isPartOf":{"@id":"https:\/\/atopecirco.com\/#website"},"primaryImageOfPage":{"@id":"https:\/\/atopecirco.com\/index.php\/espectaculos-anteriores\/#primaryimage"},"image":{"@id":"https:\/\/atopecirco.com\/index.php\/espectaculos-anteriores\/#primaryimage"},"thumbnailUrl":"http:\/\/atopecirco.com\/wp-content\/uploads\/2023\/12\/naranja.svg","datePublished":"2023-11-23T15:02:23+00:00","dateModified":"2024-01-16T19:29:22+00:00","breadcrumb":{"@id":"https:\/\/atopecirco.com\/index.php\/espectaculos-anteriores\/#breadcrumb"},"inLanguage":"es-AR","potentialAction":[{"@type":"ReadAction","target":["https:\/\/atopecirco.com\/index.php\/espectaculos-anteriores\/"]}]},{"@type":"ImageObject","inLanguage":"es-AR","@id":"https:\/\/atopecirco.com\/index.php\/espectaculos-anteriores\/#primaryimage","url":"http:\/\/atopecirco.com\/wp-content\/uploads\/2023\/12\/naranja.svg","contentUrl":"http:\/\/atopecirco.com\/wp-content\/uploads\/2023\/12\/naranja.svg"},{"@type":"BreadcrumbList","@id":"https:\/\/atopecirco.com\/index.php\/espectaculos-anteriores\/#breadcrumb","itemListElement":[{"@type":"ListItem","position":1,"name":"Inicio","item":"https:\/\/atopecirco.com\/"},{"@type":"ListItem","position":2,"name":"Espectaculos anteriores"}]},{"@type":"WebSite","@id":"https:\/\/atopecirco.com\/#website","url":"https:\/\/atopecirco.com\/","name":"A Tope Circo","description":"circus company","publisher":{"@id":"https:\/\/atopecirco.com\/#organization"},"alternateName":"A Tope","potentialAction":[{"@type":"SearchAction","target":{"@type":"EntryPoint","urlTemplate":"https:\/\/atopecirco.com\/?s={search_term_string}"},"query-input":{"@type":"PropertyValueSpecification","valueRequired":true,"valueName":"search_term_string"}}],"inLanguage":"es-AR"},{"@type":"Organization","@id":"https:\/\/atopecirco.com\/#organization","name":"A Tope","url":"https:\/\/atopecirco.com\/","logo":{"@type":"ImageObject","inLanguage":"es-AR","@id":"https:\/\/atopecirco.com\/#\/schema\/logo\/image\/","url":"http:\/\/atopecirco.com\/wp-content\/uploads\/2024\/01\/Portada-SEO.jpg","contentUrl":"http:\/\/atopecirco.com\/wp-content\/uploads\/2024\/01\/Portada-SEO.jpg","width":1200,"height":675,"caption":"A Tope"},"image":{"@id":"https:\/\/atopecirco.com\/#\/schema\/logo\/image\/"},"sameAs":["https:\/\/www.facebook.com\/cia.atope\/","https:\/\/www.instagram.com\/cia.atope\/","https:\/\/www.youtube.com\/channel\/UCzrcMgpw9YK1veuGDcyiu8w"]}]}},"_links":{"self":[{"href":"https:\/\/atopecirco.com\/index.php\/wp-json\/wp\/v2\/pages\/245","targetHints":{"allow":["GET"]}}],"collection":[{"href":"https:\/\/atopecirco.com\/index.php\/wp-json\/wp\/v2\/pages"}],"about":[{"href":"https:\/\/atopecirco.com\/index.php\/wp-json\/wp\/v2\/types\/page"}],"author":[{"embeddable":true,"href":"https:\/\/atopecirco.com\/index.php\/wp-json\/wp\/v2\/users\/1"}],"replies":[{"embeddable":true,"href":"https:\/\/atopecirco.com\/index.php\/wp-json\/wp\/v2\/comments?post=245"}],"version-history":[{"count":70,"href":"https:\/\/atopecirco.com\/index.php\/wp-json\/wp\/v2\/pages\/245\/revisions"}],"predecessor-version":[{"id":2545,"href":"https:\/\/atopecirco.com\/index.php\/wp-json\/wp\/v2\/pages\/245\/revisions\/2545"}],"wp:attachment":[{"href":"https:\/\/atopecirco.com\/index.php\/wp-json\/wp\/v2\/media?parent=245"}],"curies":[{"name":"wp","href":"https:\/\/api.w.org\/{rel}","templated":true}]}}